 = b + 19. Let s be y(-8). Suppose 7*h = 203 + 413. Calculate the greatest common factor of h and s.
11
Let d be ((-3)/9)/((-2)/(-66)). Let n(o) = -8*o - 12. Let h be n(d). Calculate the highest common factor of 19 and h.
19
Let z be 828/30 + (-6)/10. Calculate the greatest common factor of z and 9.
9
Suppose -4*y + 13 = -4*h - 11, -4*y - 5*h = -15. Suppose p = 4*p - 6. Suppose -5*x + 237 = 5*m - p*m, 49 = x + m. What is the highest common divisor of y and x?
5
Let g be 28/3 - (-10)/15. Let j(w) = w**3 - 10*w**2 - 2*w + 14. Let k be j(g). Let v = 50 - k. What is the greatest common divisor of 8 and v?
8
Let b(t) = -5*t**3 - 8*t**2 - 2*t**2 + 9*t**2. Let p be b(-1). Let y = -70 + 102. What is the highest common factor of p and y?
4
Let k be 1*-3 - (-2 + -5). Suppose -k*l + 558 + 54 = 0. Suppose 0 = -g + 2*g - l. Calculate the highest common divisor of g and 17.
17
Let u(r) = 4*r**2 - r - 1. Let o be u(2). Calculate the highest common factor of 78 and o.
13
Let a be 6/(-14) + 1170/35. What is the greatest common divisor of a and 55?
11
Let a be (-21)/14 + (-5)/(-2). Let h = 5 - a. What is the highest common factor of h and 44?
4
Suppose -o - 4*j = 2 - 1, -8 = -o - j. Let t = 6 + -3. Suppose t*a - o = 79. What is the greatest common factor of a and 3?
3
Let d = 37 + 2. Let l = -69 + d. Let p be (-3)/6 + l/(-4). Calculate the highest common divisor of p and 28.
7
Suppose -33 = 6*l - 63. What is the highest common factor of 5 and l?
5
Let k(b) = b**2 + 24*b - 15. Let o be k(-25). Let n(i) = -i**2 - 13*i + 10. Let s be n(-8). What is the greatest common factor of o and s?
10
Let r(h) = 13*h - 1. Let l be r(7). Let w be (-210)/12*8/5. Let q be w/(-3) + 2/3. What is the highest common factor of l and q?
10
Let x(r) = -r**3 + 14*r**2 + 7*r + 30. Let s be x(13). Calculate the highest common divisor of 10 and s.
10
Let h be 52/14 - (-6)/21. Suppose 3*p = -3*l + 120, -2*p = -h*p + 2*l + 100. What is the greatest common factor of 5 and p?
5
Suppose 40 = -7*n + 11*n. What is the highest common divisor of 40 and n?
10
Let w(n) = 2*n + 2. Let t = 5 + 0. Let j be w(t). What is the greatest common divisor of 30 and j?
6
Suppose 3*z - 92 = s + 27, 0 = 4*z + 4*s - 164. What is the highest common factor of z and 5?
5
Suppose -2*l + 0*l = -34. Let t(r) = 2*r**3 - 4*r**2 + 4. Let m be t(4). What is the greatest common divisor of m and l?
17
Let y(l) = -25*l**2 - 2*l - 1. Let i be y(-1). Let z be i*(0 + 0 + -1). What is the greatest common divisor of z and 3?
3
Let v(r) = -r**3 - r**2 + 3*r + 4. Let a be v(3). Let c(g) = 2*g**2 + 6*g + 1. Let j be c(-4). Let x = j - a. Calculate the highest common factor of x and 48.
16
Suppose -h = -5*y - 36, 0 = -h + 4*y + 35 + 1. Calculate the greatest common factor of 90 and h.
18
Let c(w) be the third derivative of w**5/60 - w**3/6 + w**2. Let s be c(2). What is the highest common factor of 3 and s?
3
Suppose 5*h + o - 27 - 144 = 0, h + 2*o - 36 = 0. Calculate the greatest common factor of 17 and h.
17
Suppose -349 = -5*t - 4*k, -2*t + 3*k + k + 134 = 0. Calculate the greatest common factor of t and 46.
23
Let m = 3 + 1. Suppose u + 3*h = 278, -u + 0*h + m*h = -257. Let q = u - 181. Calculate the greatest common divisor of q and 11.
11
Suppose 30*n + 72 = 33*n. What is the greatest common divisor of 84 and n?
12
Let g be (92/14)/((-2)/(98/(-7))). Calculate the greatest common divisor of 138 and g.
46
Suppose 3*t - 11 = -4*b, -2*b - 11 = -2*t - b. Suppose 0 = t*a - 2*w + w - 144, 3*a - 88 = w. What is the greatest common divisor of a and 196?
28
Let d(t) = -t**3 + t**2 + 2*t - 1. Let o(u) = 3*u + 1. Let f be o(-1). Let h be d(f). Suppose 6*j + 28 = 10*j. What is the greatest common factor of h and j?
7
Let w be -1 - (22 + 3)*-1. What is the greatest common divisor of 3 and w?
3
Let p(x) = 3*x**2 + 2 - 2*x - x - 2 - 10. Let j be p(-5). What is the highest common factor of j and 16?
16
Suppose -7*g + 5*g + 172 = 0. Let k = 149 - g. Calculate the greatest common factor of k and 9.
9
Suppose -83 = -3*f + 1. What is the highest common divisor of 140 and f?
28
Suppose 2*z = z + 180. Calculate the highest common divisor of z and 20.
20
Suppose 0 = 2*n + p + 4*p - 13, 5*n + p - 44 = 0. Calculate the greatest common factor of 72 and n.
9
Let r(n) be the first derivative of 2*n**2 + 6*n + 2. Let c be r(5). Calculate the greatest common divisor of 65 and c.
13
Suppose -2*h + 7*h + 100 = 0. Let t be ((-336)/(-15))/((-4)/h). Calculate the greatest common divisor of t and 16.
16
Let b be (-10)/35 + 156/7. Let l be b - 9 - 2*1. What is the highest common factor of l and 99?
11
Suppose 2*i = 17 - 21. Let f be i/(3*(-6)/9). What is the greatest common factor of 4 and f?
1
Suppose -5*y = -0*y - 150. Let m be -2 + (0/(-1) - 1). Let w(p) = -p**3 - 2*p**2 + 1. Let d be w(m). What is the greatest common factor of y and d?
10
Suppose -3*l - 22 = -8*p + 4*p, -4*l = 8. Suppose w + p = 3*w. Let o be ((-22)/3)/((-1)/3). Calculate the greatest common divisor of w and o.
2
Let s(z) = 2*z**2 - 2*z. Let r be s(5). Suppose -7*a = -2*a - r. What is the greatest common divisor of a and 88?
8
Suppose 2*c - 24 = c. Suppose -c = -l - 4. Suppose -5*d - 4*r + 66 = -30, -2*d + 39 = r. Calculate the greatest common factor of l and d.
20
Let q be 2/(3*1/36). Suppose -4*h = -120 - q. Calculate the highest common factor of h and 9.
9
Let m = 36 + -10. Suppose -3*d + 62 = a, 2*d = 4*a + 34 + m. Calculate the highest common factor of 33 and d.
11
Let l(n) = -n**2 - 5*n - 12. Let m be l(-8). Let a = m - -74. What is the highest common divisor of a and 57?
19
Suppose 0 = 2*w - 0*w - 40. Calculate the highest common factor of 80 and w.
20
Let j = 56 + -53. Let u(x) = 2*x**2 + 6*x + 1. Let m be u(-4). Calculate the greatest common factor of j and m.
3
Let i(s) = 184*s**2 + s + 1. Let t be i(-1). Suppose 5*m + 40 = 3*m. Let u be 6/3 - (m - 1). Calculate the greatest common factor of u and t.
23
Let c be 315/20 + 2/8. Let t be 3/12 + 220/c. Let o(a) = a**3 - 4*a**2 - a + 1. Let b be o(5). Calculate the greatest common factor of t and b.
7
Let a be (-114)/4*(-8 - -4). Suppose a = 3*f - 7*h + 4*h, -2*h + 4 = 0. What is the highest common factor of f and 16?
8
Suppose p + 32 = -3*p. Let d be 530/11 - p/(-44). What is the greatest common factor of d and 6?
6
Let v(j) = 2*j**2 - 5*j - 8. Let c be v(-4). What is the greatest common divisor of 4 and c?
4
Let f = -187 - -289. Calculate the highest common divisor of 6 and f.
6
Suppose -224 = -7*p - 0. Let m be (-114)/9 - (-2)/3. Let f = m - -20. What is the highest common divisor of f and p?
8
Let q(n) = n**2 - 19*n + 51. Let a be q(16). Calculate the greatest common divisor of 5 and a.
1
Let j be 458/6 + 6/9. Let l be 22/j + (-12)/(-7). Calculate the highest common divisor of 8 and l.
2
Suppose l = 6*l - 190. Suppose 0 = -3*c - 0*c - 63. Let a = c + l. Calculate the greatest common divisor of 34 and a.
17
Suppose 4*f + 0*k + k = 11, 2*k + 14 = f. Suppose -8*x + 288 = -f*x. Let j be ((-3)/(-6))/(4/72). What is the highest common divisor of j and x?
9
Let y = -8 + 24. Let g = -68 - -148. What is the highest common divisor of y and g?
16
Suppose 0 = -5*b - 2*n + 44, -b = -0*b - 2*n - 4. Let p = -30 + 62. Calculate the highest common divisor of b and p.
8
Suppose 4*o - 2 = 2. Let p be (-2 + -2 + o)*-1. Calculate the highest common divisor of 2 and p.
1
Let b = 19 + -14. What is the highest common divisor of b and 10?
5
Let o(n) = -63*n. Let a be o(-2). Let w = 3 + -1. Let k be 936/66 - w/11. What is the greatest common divisor of k and a?
14
Let v be ((-78)/(-15))/(2/5). Calculate the greatest common divisor of v and 65.
13
Let q(j) = 3*j**2 - 9*j - 3. Let y be q(4). Calculate the highest common divisor of y and 18.
9
Let j be (-1)/(2/4 - 0). Let y be (0 - -2)/((-1)/j). Let p(x) = -x**3 + 3*x**2 + 4*x + 4. Let v be p(y). Calculate the highest common factor of v and 32.
4
Let h = -2 - -30. Suppose -16 = -3*k - 5*c, 3*k + 3*c = 22 - 4. Calculate the greatest common factor of h and k.
7
Let c(a) = -a + 17. Let m = -3 + 10. Let j be c(m). What is the highest common factor of 70 and j?
10
Let w be ((-18)/(-15))/(6/520). Suppose 36 = 2*a + 5*v - 41, -5*v = a - 51. What is the greatest common divisor of w and a?
26
Let q(y) = -3*y**2 + 2*y - 1.